{"id":707,"date":"2026-05-06T21:09:45","date_gmt":"2026-05-06T19:09:45","guid":{"rendered":"https:\/\/zeenas.de\/wordpress\/?page_id=707"},"modified":"2026-05-06T21:09:45","modified_gmt":"2026-05-06T19:09:45","slug":"kurzes-strickbuendchen-am-ende-eines-strickstuecks","status":"publish","type":"page","link":"https:\/\/zeenas.de\/wordpress\/kurzes-strickbuendchen-am-ende-eines-strickstuecks\/","title":{"rendered":"Kurzes Strickb\u00fcndchen am Ende eines Strickst\u00fccks"},"content":{"rendered":"\n<p>Es wird zun\u00e4chst in der Nadelst\u00e4rke gestrickt, in der das Strickst\u00fcck erstellt wurde. Beschrieben ist hier das Stricken in der Runde. <\/p>\n\n\n\n<ul class=\"wp-block-list\">\n<li>1. Runde: alle Maschen rechts stricken<\/li>\n\n\n\n<li>2. bis 5. Runde: eine Masche rechts verschr\u00e4nkt, eine Masche links, wiederholen bis Ende der Runde<\/li>\n\n\n\n<li>6. Runde: hier wird auf eine 0,5 mm kleinere Nadelst\u00e4rke gewechselt. Alle Maschen links stricken<\/li>\n\n\n\n<li>7. und 8. Runde: alle Maschen rechts stricken<\/li>\n\n\n\n<li>nun alle Maschen locker abketten, in dem man eine Masche strickt, die n\u00e4chste Masche strickt und die zuerst gestrickte Masche \u00fcber die zweite gestrickte Maschen zieht. <\/li>\n<\/ul>\n\n\n\n<figure class=\"wp-block-image size-large\"><img loading=\"lazy\" decoding=\"async\" width=\"1024\" height=\"768\" src=\"https:\/\/zeenas.de\/wordpress\/wp-content\/uploads\/2026\/05\/20260506_152403-1024x768.jpg\" alt=\"\" class=\"wp-image-704\" srcset=\"https:\/\/zeenas.de\/wordpress\/wp-content\/uploads\/2026\/05\/20260506_152403-1024x768.jpg 1024w, https:\/\/zeenas.de\/wordpress\/wp-content\/uploads\/2026\/05\/20260506_152403-300x225.jpg 300w, https:\/\/zeenas.de\/wordpress\/wp-content\/uploads\/2026\/05\/20260506_152403-768x576.jpg 768w, https:\/\/zeenas.de\/wordpress\/wp-content\/uploads\/2026\/05\/20260506_152403-1536x1152.jpg 1536w, https:\/\/zeenas.de\/wordpress\/wp-content\/uploads\/2026\/05\/20260506_152403-2048x1536.jpg 2048w\" sizes=\"auto, (max-width: 1024px) 100vw, 1024px\" \/><\/figure>\n\n\n\n<p>Das B\u00fcndchen l\u00e4sst sich nat\u00fcrlich auch in Reihen stricken, nur sind dann die verschr\u00e4nkten linken Maschen nicht sehr geschmeidig zu stricken. Man kann aber auch auf eine rechts, eine links ausweichen, um die Herausforderung zu umgehen. <\/p>\n","protected":false},"excerpt":{"rendered":"<p>Es wird zun\u00e4chst in der Nadelst\u00e4rke gestrickt, in der das Strickst\u00fcck erstellt wurde. Beschrieben ist hier das Stricken in der Runde. Das B\u00fcndchen l\u00e4sst sich nat\u00fcrlich auch in Reihen stricken, nur sind dann die verschr\u00e4nkten linken Maschen nicht sehr geschmeidig zu stricken. Man kann aber auch auf eine rechts, eine links ausweichen, um die Herausforderung [&hellip;]<\/p>\n","protected":false},"author":1,"featured_media":0,"parent":0,"menu_order":0,"comment_status":"closed","ping_status":"closed","template":"","meta":{"footnotes":""},"class_list":["post-707","page","type-page","status-publish","hentry"],"jetpack_sharing_enabled":true,"_links":{"self":[{"href":"https:\/\/zeenas.de\/wordpress\/wp-json\/wp\/v2\/pages\/707","targetHints":{"allow":["GET"]}}],"collection":[{"href":"https:\/\/zeenas.de\/wordpress\/wp-json\/wp\/v2\/pages"}],"about":[{"href":"https:\/\/zeenas.de\/wordpress\/wp-json\/wp\/v2\/types\/page"}],"author":[{"embeddable":true,"href":"https:\/\/zeenas.de\/wordpress\/wp-json\/wp\/v2\/users\/1"}],"replies":[{"embeddable":true,"href":"https:\/\/zeenas.de\/wordpress\/wp-json\/wp\/v2\/comments?post=707"}],"version-history":[{"count":1,"href":"https:\/\/zeenas.de\/wordpress\/wp-json\/wp\/v2\/pages\/707\/revisions"}],"predecessor-version":[{"id":708,"href":"https:\/\/zeenas.de\/wordpress\/wp-json\/wp\/v2\/pages\/707\/revisions\/708"}],"wp:attachment":[{"href":"https:\/\/zeenas.de\/wordpress\/wp-json\/wp\/v2\/media?parent=707"}],"curies":[{"name":"wp","href":"https:\/\/api.w.org\/{rel}","templated":true}]}}